98, -4*l + 1392 = 2*u - 1402. What are the prime factors of u?
3, 467
Let i be (-13)/(-1) + 6/(-21)*-14. Let n(u) = -u + 76. What are the prime factors of n(i)?
59
Let q(m) = m**3 + 14*m**2 + 15*m + 19. Let f be q(-13). List the prime factors of ((-2700)/42)/(-1) + 2/f.
2
Let g = 1780 + -1122. List the prime factors of g.
2, 7, 47
What are the prime factors of 1317*(-16)/4*2/(-12)?
2, 439
Suppose -a + 4 = -2*j - 5*a, 3*j = -5*a - 5. Suppose j = 5*t - 6*r + 2*r - 8, 0 = 5*t + 3*r - 29. What are the prime factors of (70 + 12)*2/t?
41
Suppose -102293 = -13*z - 38970. List the prime factors of z.
4871
Let a = -29 - -36. Suppose -a*p + 546 = -0*p. What are the prime factors of p?
2, 3, 13
Suppose 164 = j - 411. Suppose -7*c + 1175 = -j. Suppose -3*f + r = -230, -5*f + 2*f - 4*r + c = 0. What are the prime factors of f?
2, 3, 13
Suppose 4*f + 140 = -t + 3*t, 4*t - 245 = f. Suppose -190 = -5*y - t. What are the prime factors of y?
2, 13
Let a = 53 - 117. Let y = a - -124. What are the prime factors of y?
2, 3, 5
Let l(y) = 442*y + 12. What are the prime factors of l(2)?
2, 7
Suppose k = -5*i - 69, -119 = 5*k - 4*k - 5*i. Let u = k - -112. What are the prime factors of u?
2, 3
What are the prime factors of 115/(-2)*(-3)/5*4?
2, 3, 23
Suppose 3*g = 4*q + 2470, -g - 4*q + 1223 = 373. What are the prime factors of g?
2, 5, 83
Let b(s) = -s**3 - s**2 + s + 2. Suppose -2*u = -3*u. Let g be b(u). Suppose g*r = 4*r - 2, 3*p - 2*r = 64. What are the prime factors of p?
2, 11
Suppose -614 - 128 = -n. List the prime factors of n.
2, 7, 53
Suppose 81250 = 18*d + 30454. List the prime factors of d.
2, 17, 83
Suppose -3*l + 9 = 0, -2*y = -y + 5*l - 202. List the prime factors of y.
11, 17
Let b = 19 + -15. Suppose -b*x - 5 + 157 = 0. What are the prime factors of x?
2, 19
Suppose -3*b = 4*v + 13, 5*b + 40 = -9*v + 6*v. Let x = b + 29. List the prime factors of x.
2, 3
What are the prime factors of -5*(-4)/(-20)*-1773?
3, 197
Suppose 0 = 2*a - 4*k, -a - 3 = -3*k - 2. Suppose -a*u = 5*g - 16, 14 = 3*g + 4*u - 4. Suppose -3*p + 46 = g*c + p, -4*c + 83 = -p. List the prime factors of c.
3, 7
Let t(m) = -2*m**2 + 1 + 5*m**3 - 2*m**2 - m**2 + 4*m**2. Let p be t(1). Suppose 146 = 7*i - p*i. What are the prime factors of i?
73
Suppose -93*p + 96*p - 3*c - 4689 = 0, p - 1561 = -c. What are the prime factors of p?
2, 11, 71
Let q be (-4)/(-6) + -1 + 165/9. Suppose -20*y + 412 = -q*y. List the prime factors of y.
2, 103
Suppose 0 = -8*h + 331 + 405. Suppose -43 - h = -5*z. What are the prime factors of z?
3
Let v(u) = -u**3 - 48*u**2 - 124*u + 4. List the prime factors of v(-46).
2, 3, 41
Suppose -29*v + 35072 = -18462. List the prime factors of v.
2, 13, 71
Suppose 4*v - 2*l - 2*l - 4 = 0, -2*v + l = 1. Let x be 2 + (-2)/(0 - v). What are the prime factors of -21*2/(-2)*x?
3, 7
Suppose 1601 = 9*p - 424. List the prime factors of p.
3, 5
Suppose 0*t + 22 = 11*t. Suppose -x - 212 = -t*x - 5*v, 0 = -x + 3*v + 188. What are the prime factors of x?
197
Let d(c) be the third derivative of 0*c - 7/6*c**3 - 1/24*c**4 + 0 + 3*c**2. List the prime factors of d(-10).
3
Let z = 3 + -3. Let d = z - -2. Suppose 3*b - 13 = -2*t - 2*b, 86 = 4*t - d*b. What are the prime factors of t?
19
Let n(p) = -p**3 + 4*p**2 + 5*p + 7. Let h be n(5). Suppose -3*b = -h*b + 228. What are the prime factors of b?
3, 19
Suppose -32*k - 3*k + 3360 = 0. List the prime factors of k.
2, 3
Let q(s) = s**3 + 30*s**2 + 41*s - 1. List the prime factors of q(-21).
13, 239
Let h(c) = c**3 - 11*c**2 - 10*c - 12. Suppose 0 = -x - 8 + 20. List the prime factors of h(x).
2, 3
Suppose 6*m = m + 5*y - 40, -4*m - 56 = 2*y. Let c(g) = -7*g - 33. Let l(w) = 6*w + 31. Let v(o) = 5*c(o) + 6*l(o). List the prime factors of v(m).
3
Suppose -14 = 5*r - s + 73, 78 = -4*r + 5*s. Let f = 3 - r. What are the prime factors of f?
2, 5
Let l(g) = 3*g**3 + 1. Let s be l(1). Suppose -2*o - 20 = n - 266, -8 = s*n. What are the prime factors of o?
2, 31
Suppose -2*j + 2*g - 30 = 8, -2*j - 17 = 5*g. Let c be (-3)/6*j/2. Suppose -4*t + 28 = -3*t + 5*d, 4*t = -c*d + 96. What are the prime factors of t?
23
Let q(w) = w**3 - 6*w**2 - 36*w - 19. What are the prime factors of q(14)?
5, 11, 19
Let d(h) = 3*h + 24. Let p be d(-7). Suppose -219 = -2*o + 7*y - 4*y, -p*o + 4*y + 329 = 0. What are the prime factors of o?
3, 37
Suppose 0 = 3*x - h - 287, 0*h - 3*h + 303 = 3*x. What are the prime factors of x?
97
Suppose -2*z = 3*p - 4984, 4991 = -0*p + 3*p - 5*z. What are the prime factors of p?
2, 3, 277
What are the prime factors of (4 + 942)/(72/252)?
7, 11, 43
List the prime factors of (341 + -4)/((-7)/(-7)).
337
Suppose 5*g + 5*x = 190, -66 = -2*g - 5*x + x. What are the prime factors of g?
43
Let u(c) = -c**3 + 15*c**2 - 22*c + 71. List the prime factors of u(10).
3, 13
Suppose -4*j = -4, -5380 = h - 6*h - 5*j. What are the prime factors of h?
5, 43
Let c(f) = f + 10. Let p be c(-3). What are the prime factors of (15/(-12))/(((-14)/48)/p)?
2, 3, 5
Let f be (-9)/(-3)*(-109)/3. Let q = f + 123. What are the prime factors of q?
2, 7
Suppose 2*c - 28 = -5*c. Suppose -c*q - q - 5*o + 420 = 0, -3*o = 4*q - 332. List the prime factors of q.
2, 5
Let o = -272 + 2270. What are the prime factors of o?
2, 3, 37
Suppose -4*g - 645 = -3*l, 0*l + 220 = l - 3*g. List the prime factors of l.
211
Let z(i) = 84*i**2 - 77*i - 27. What are the prime factors of z(-7)?
2, 13, 89
Let j be (-2)/3 + (-28)/12. Let i be (-9)/(-12)*4 + j. What are the prime factors of 1/(i - (-2)/70)?
5, 7
Let f(q) = q**2 - 23*q - 43. List the prime factors of f(-20).
19, 43
Suppose 4*o - 4876 = r, -2*o - 156*r = -151*r - 2460. What are the prime factors of o?
2, 5, 61
Let o(v) = v**2 - 4*v**2 - 15*v**3 + 2*v - v**2 + 5*v**2 + 1. List the prime factors of o(-1).
3, 5
Let k be 104/10 - 4/10. Let z be (12/k)/((-15)/700). Let u = -31 - z. What are the prime factors of u?
5
Let f(d) = -d**2 - 7*d + 1. Let q be f(-6). Let w be q + (-8)/(-12)*-6. Let y = 16 - w. What are the prime factors of y?
13
Let k(z) = 25*z**2 + 2*z + 13. List the prime factors of k(-5).
2, 157
Suppose -3*a - 2*y = 9, -2*a - 2*y = y + 11. List the prime factors of -2 + 3 + (a - -94).
2, 47
Let k be 1/(3/(-2)*4/(-1194)). Let y = -85 + k. List the prime factors of y.
2, 3, 19
Let w(f) = -98*f**3 - f**2 - 2*f - 2. Let j be (-2 - -3)*(-3 - (-2 + 0)). List the prime factors of w(j).
97
Let z(w) = -3 - 29*w + 0 + 1. Let b be (-7 - -3 - -2)/(-1 - -2). What are the prime factors of z(b)?
2, 7
Let w(x) be the third derivative of -1/8*x**4 + 0*x + x**2 - 7/6*x**3 + 0. List the prime factors of w(-5).
2
Let u = 43 + -30. Let l = u - -1. List the prime factors of 0 - l*1/(-2).
7
Let d(c) = -c**3 - c**2 - 3*c + 4. Let l = -44 - -40. What are the prime factors of d(l)?
2
Let g = -885 + 1316. List the prime factors of g.
431
Let z = 39 - 19. List the prime factors of (-20)/(-8)*24/z.
3
Let c(k) = -37*k - 122. Let x be c(-6). Suppose -t - 10 = -6*t. Suppose -t*p = 2*p - x. What are the prime factors of p?
5
Suppose -30*u + 28*u = -736. List the prime factors of u.
2, 23
Suppose -23*m = -22*m - 5. Let g = 5 - 2. Suppose g*h - 19 = m. What are the prime factors of h?
2
Let i(u) = 1672*u**2 - 20*u + 19. List the prime factors of i(1).
3, 557
Suppose 5*g - 2*m + 331 = 13757, 0 = -3*g - 3*m + 8043. List the prime factors of g.
2, 11, 61
Suppose 0 = 3*a - 4*k + 64, -2*a - 2*k = -5*a - 68. Let h be 604/a - (-4)/24. Let r = h + 63. List the prime factors of r.
2, 19
Let r(c) = c**2 - 19*c - 46. Let m(g) = 2*g**2 - 39*g - 91. Let t(n) = -3*m(n) + 7*r(n). What are the prime factors of t(20)?
31
Suppose -9*d + 15695 = 1601. List the prime factors of d.
2, 3, 29
Let m(c) = -c. Let k be 3 + (-1)/(-1 + 0). Let n be m(k). What are the prime factors of n*2*(-10)/5?
2
What are the prime factors of (-16768)/(-22) + 30/(-165)?
2, 3, 127
Suppose -a + g = -2 - 50, 4*g = -8. Suppose x - 7 - 28 = j, -3*j = 2*x - a. What are the prime factors of x?
31
Let f = -10 + 22. Suppose -i + 90 = f. Let v = -35 + i. List the prime factors of v.
43
Suppose c + 2 = -4*f - 8, -5*c = -f - 34. What are the prime factors of 1422/(-4)*(-4)/c?
3, 79
Let h(p) = 32*p**3 + p**2 - 11*p + 39. What are the prime factors of h(4)?
29, 71
Suppose 16*f - 11*f - 270 = 0. Suppose 1 = r + 2*